 (112/(-20))/(2/(-5)). What is the highest common divisor of v and f?
7
Suppose -52 + 196 = 2*w. Suppose 0 = 2*a - 3 - 11. Suppose -2*h + a*h = -2*s + 26, -4*s + 40 = 4*h. Calculate the highest common divisor of s and w.
8
Let t = 61 + -40. Let b(o) = 2*o**3 + 2*o**2 - 2*o + 1. Let j be b(1). Let m be ((1 - -1) + -1)*j. Calculate the highest common factor of t and m.
3
Let n be 11*2/((-4)/(-2)). Let t = 18 - n. Suppose -t*l = -2*l - 45. Calculate the highest common divisor of 27 and l.
9
Suppose -5*h + w - 117 + 507 = 0, 3*h - 234 = 3*w. What is the highest common factor of 52 and h?
26
Let y(g) = 42*g**2 - 3*g - 3. Let c be y(-1). Suppose 2*d - 12 = -0. Calculate the greatest common divisor of c and d.
6
Let p be 62/6 + (-2)/6. What is the greatest common factor of 5 and p?
5
Let a be ((-4)/3*6)/(-2). Suppose a*j - 20 = 0, 3*r + 4*j + 0 - 74 = 0. Calculate the greatest common divisor of 6 and r.
6
Let h(a) = -a**2 - 11*a + 14. Suppose 6*v - 2*v = -44. Let u be h(v). What is the greatest common factor of 35 and u?
7
Suppose -9*m - 60 = -11*m. Let j = 27 - 45. Let t = 38 + j. Calculate the greatest common factor of m and t.
10
Suppose u = -5, -4*w - 36 = -5*u - 237. Suppose g = 3, -p + 7*g - 8 = 3*g. What is the greatest common divisor of p and w?
4
Suppose 4*s + 6 = 6*s. Let p(n) = -14*n + 6*n + 4*n**3 - 7*n**2 + 10 - 4*n**3 + n**s. Let a be p(8). What is the greatest common factor of a and 90?
10
Let c be 12/15*(-780)/(-8). What is the highest common factor of c and 26?
26
Let x = 7 - 18. Let t = -8 - x. Suppose t*d = d + 18. What is the greatest common divisor of d and 3?
3
Let n be ((-5)/3)/(1/(-9)). What is the greatest common factor of n and 30?
15
Suppose 0 = -s + 6*s. Suppose s = -0*n + n - 16. Calculate the greatest common divisor of 24 and n.
8
Suppose -4*m - 20 = -2*w, -1 = 5*w + 4*m + 5. Calculate the highest common divisor of 4 and w.
2
Suppose -w - 52 = -5*w. Calculate the greatest common divisor of w and 65.
13
Let n(d) = d**3 + 4*d**2 - 3*d + 1. Let s be n(-4). Suppose 2*r = -2, -r = -4*y + 8*y - 207. Calculate the highest common factor of y and s.
13
Let r = 315 + -194. Let o = r + -54. Suppose 0 = -2*b - h + 31, -4*b = 6*h - 3*h - o. What is the highest common factor of b and 13?
13
Suppose 2*t + 11 = 3*t. Suppose 2*r = -0*r - 6. Let p be (-80 - r)/(-2 + 1). Calculate the greatest common factor of p and t.
11
Let d(n) = 3*n**2 - 6*n + 5. Let w be d(5). Calculate the greatest common factor of 20 and w.
10
Let t be 0 + 1 + 12 - -1. Suppose t = -5*q + 4. Let z be (-76)/(-6) - q/(-3). Calculate the highest common divisor of 36 and z.
12
Let j(g) = -g**2 + 7*g + 6. Let n be j(7). What is the greatest common divisor of 24 and n?
6
Let w = 64 - 55. Calculate the greatest common divisor of 6 and w.
3
Suppose 4*u - 44 = -3*f + 19, 4*u + 5*f = 57. Calculate the greatest common divisor of 36 and u.
18
Let h(k) = -k + 15. Let y be h(6). Calculate the greatest common factor of y and 18.
9
Let w = -3 - 3. Let t = 15 + w. Calculate the greatest common divisor of 27 and t.
9
Suppose 0*k - k + 16 = r, -5*r + 28 = k. Suppose 4*d - 79 = 3*d + 3*l, -202 = -2*d - 5*l. What is the highest common factor of k and d?
13
Suppose -860 = y - 3*y. Suppose -l + 5*j = 4*l - 1090, 0 = -2*l + 5*j + y. Suppose 4*b = 2*b + l. Calculate the highest common factor of 22 and b.
22
Let j(m) = -m - 1. Let q be j(-3). Suppose 36 = a + 3*v, q*v = -3*v + 25. What is the greatest common divisor of 84 and a?
21
Suppose z = 4*z - 24. Calculate the greatest common factor of z and 24.
8
Let y(o) be the first derivative of -22*o**2 + o - 1. Let l be y(-1). Suppose 2 = -2*k, -3*f = -2*f - 3*k - 21. Calculate the highest common factor of f and l.
9
Let f be (-1)/(-1) + (6 - 2). Let g = f - 5. Suppose -3*m + 45 = -g. What is the highest common divisor of m and 3?
3
Let f = -15 - -23. Suppose 0 = 3*q - 64 + 16. What is the greatest common factor of q and f?
8
Suppose 3*j + 144 = 5*j. Calculate the greatest common divisor of j and 8.
8
Suppose -4*p + 3*c + 0 = -9, c + 13 = 3*p. Suppose w + 2310 = p*w. Let z be 6/(-15) + w/5. Calculate the greatest common factor of z and 23.
23
Suppose -265 = -5*b + 5*n, 3*n + 3 = 6*n. Let z = -26 - -44. What is the highest common factor of b and z?
18
Suppose -2*k + 2*x + 33 = k, -5*x - 15 = 0. What is the greatest common factor of k and 9?
9
Suppose -m = -4*w + 200, -2*m = 5*w - 0*m - 237. Calculate the greatest common factor of w and 7.
7
Let p = 371 + -196. Calculate the highest common divisor of 35 and p.
35
Suppose 0 = -3*z + 2*z + 3. Suppose w + 9 = -5*g + 47, -2*w = -z*g - 24. Calculate the highest common divisor of w and 162.
18
Suppose -4*v = -7*v + 135. Calculate the highest common divisor of v and 15.
15
Let c = 113 + -67. What is the greatest common factor of 23 and c?
23
Suppose h + 3 = 5. Let o = 8 - h. Let x = o - -2. Calculate the greatest common factor of x and 88.
8
Suppose 5 + 47 = 4*q + 4*x, -3*q + 3*x = -51. What is the highest common factor of 120 and q?
15
Let u be 456/2 + (-22)/(-11). What is the highest common divisor of 10 and u?
10
Let r(w) = 2*w**3 + w**2 - 2*w - 1. Suppose o - 4 + 2 = 0. Let i be r(o). Calculate the greatest common divisor of i and 135.
15
Let y be (-2 + (-66)/(-9))/(5/15). Calculate the highest common divisor of 16 and y.
16
Suppose 0 = 2*v + 4*b - 4, 3*v - 4*b + 7 = 23. Calculate the greatest common divisor of 4 and v.
4
Let y = -60 - -68. Calculate the greatest common factor of 20 and y.
4
Let d(v) = -v**2 + 13. Let c be d(0). Let j = 23 - c. What is the highest common divisor of 60 and j?
10
Let i = -319 - -599. What is the greatest common divisor of i and 35?
35
Suppose 0*z = z - 3. Suppose z*q + 15 = 0, -m + 0*m = 2*q + 1. Calculate the greatest common factor of 9 and m.
9
Let w = 248 + -144. Let n = w + -40. Calculate the highest common factor of n and 8.
8
Suppose 2 = -2*v + 3*v. Let q(z) be the first derivative of 32*z**3/3 - 2*z - 4. Let h be q(v). Calculate the greatest common divisor of h and 14.
14
Suppose 3*a - 9 = 0, -2*a = -o + 3*o - 68. Calculate the greatest common divisor of o and 155.
31
Suppose -3*b + 32 + 283 = 0. Let q be 1/((-1)/(-43)) + -1. What is the greatest common divisor of b and q?
21
Let f be ((-184)/(-20))/(-3*5/(-300)). What is the greatest common factor of 23 and f?
23
Suppose -2*i + t = 25, 68 = -5*i - 2*t - t. Let s = 8 - i. Suppose s + 63 = h. What is the highest common divisor of 21 and h?
21
Let w be (8 + -5)/((-2)/(-42)). Let l = -16 - -23. Calculate the highest common divisor of l and w.
7
Suppose 3*s = 4*j - 153, 5*j = j - 5*s + 161. Calculate the greatest common divisor of 3 and j.
3
Let r(d) = -7*d + 2. Let s be r(-4). Suppose 3*k = 4*a - 73, -2*k - 2*k + 2*a - 104 = 0. Let x be s*3/(k/(-12)). What is the highest common factor of x and 16?
8
Suppose -4*h + 6 + 26 = 0. Let f(y) = -y + 32. Let x be f(0). What is the greatest common factor of h and x?
8
Suppose 3*v - 5*v + 18 = 4*f, 0 = 4*f - v - 9. Let u = f + 3. Calculate the highest common divisor of u and 9.
3
Let b(u) = u**2 + 12*u + 5. Let t be b(-13). Suppose 4*f - 5*p - 175 = 0, 0*f = 5*f + 3*p - 228. What is the highest common divisor of f and t?
9
Suppose -8*k + 5*k = 0. Suppose k*f + 286 = f. Calculate the highest common divisor of 26 and f.
26
Suppose 0 = g + 3*m - 12, -4*m = 4. Calculate the highest common divisor of 5 and g.
5
Let d be -1 + (-1 - (-1 - 8)). Let y = 1 + d. Let j = -220 + 300. What is the greatest common factor of j and y?
8
Let k(n) = -n**3 - 11*n**2 - 10*n + 3. Let w be k(-10). Suppose -v = w*v + 256. Let f = v + 118. What is the highest common factor of 36 and f?
18
Let i(a) = a + 69. Let r be i(0). Calculate the greatest common factor of 46 and r.
23
Suppose -5*f - 501 + 86 = -3*v, -515 = -4*v - f. Let z(d) = d**3 - 7*d**2 - 6*d + 10. Let x be z(8). Calculate the greatest common factor of v and x.
26
Suppose 0 = s + 3*l - 75, -5*s = -2*l - 223 - 101. What is the highest common factor of s and 11?
11
Suppose -5*g + 0*g = 55. Let s be 2/g + (-48)/(-22). What is the greatest common factor of s and 8?
2
Let l be -3*(3 - 2)*-2. What is the greatest common divisor of l and 66?
6
Suppose -6*j + 82 = 4. Calculate the highest common factor of j and 13.
13
Let v(y) = y**3 + 7*y**2 + 